s the tens digit of a?
1
What is the units digit of (16/6)/((-10)/(-675))?
0
Let k(g) = 18*g - 3. Let o be k(3). Suppose a + o = 16. What is the tens digit of (-98)/a*5*1?
1
Let v = -20 - -33. What is the units digit of v?
3
Suppose 0 = -2*m - 10, -5*m = -z - 0*m + 38. What is the tens digit of z*2*(-2)/(-4)?
1
Let v(x) = 10*x**2 - 1. What is the units digit of v(-3)?
9
Let u(h) = -2*h**3 - h**2 - 4*h + 1. Let r(i) = -i**3 + i**2. Let v(x) = 3*r(x) - u(x). What is the tens digit of v(3)?
2
Let o(d) = 2*d - 8. What is the units digit of o(7)?
6
Let m = -25 - -52. What is the tens digit of m?
2
Let k = -12 + 17. Let r(t) = 4*t + 1. What is the tens digit of r(k)?
2
Suppose m + m - 53 = y, 3*y = -3. Let v(a) = -a**2 - 9*a - 5. Let t be v(-6). Suppose 3*z = -2*r + m, 3*z + t = r - z. What is the units digit of r?
3
Suppose -t - 5*d = -28, 4*t - 48 = -d - 3*d. Suppose -5*i = -2*c + 3*c - t, -4*c = -i - 11. Suppose 0 = 2*v - c*v + 3. What is the units digit of v?
3
Let c(p) = 4*p**2 - 15*p + 19. Let z(h) = -2*h**2 + 8*h - 10. Let v(u) = 6*c(u) + 11*z(u). What is the units digit of v(3)?
6
Let t = -6 - -2. What is the units digit of (t/(-6))/((-4)/(-42))?
7
Let s = 1 + 5. Suppose 3*w = s + 3. What is the units digit of w?
3
Let v(g) = -2 + 1 - 5*g - g**2 - 5*g**2 + g**3. Let q = -11 - -18. What is the units digit of v(q)?
3
Let v = -10 + 7. What is the units digit of v + 42*3/6?
8
Let m(q) = q - 6. Let i be m(10). Suppose -i*k = -71 - 41. What is the units digit of k?
8
Let n = 15 + -10. Suppose -38 = -2*v + 5*s, 90 + 6 = 4*v - n*s. What is the tens digit of v?
2
Suppose 5*o + 0*o = i - 61, 2*o = 4. What is the units digit of i?
1
Suppose -3 - 5 = 2*d. Let h = -4 - d. Suppose h = -5*n + 7 - 2. What is the units digit of n?
1
Suppose -4*l = 22 + 42. Let g(t) = t**3 - 7*t**2 + t + 3. Let y be g(7). What is the units digit of (-7 + 2)*l/y?
8
Let d(w) = -13*w - 14. Let u be d(-4). Suppose -f = -6*j + 2*j + u, -3*j - f + 25 = 0. What is the units digit of j?
9
Suppose 5*f - 182 = -67. Suppose 0*s - 6 = -2*s. Suppose -5*a - 38 = -5*p - s, -5*a - f = -3*p. What is the units digit of p?
6
What is the units digit of (4 + -20)/4*(-19)/2?
8
What is the units digit of 3*((-5)/3 - -2)?
1
Suppose 2*o + 5 = -5*a, 2*o = -a + 2*a + 1. Suppose -z - 4 + 17 = o. What is the tens digit of z?
1
Let k be (12/(-3))/((-1)/30). Let j = -80 + k. Suppose -3*p + 3*a = -8 - j, 3*p + a - 48 = 0. What is the units digit of p?
6
Let g be (-1 + -3)*(-1 + -5). Suppose -2*n - 3*n = 3*r + 89, 2*r = n + 10. Let c = n + g. What is the units digit of c?
8
Let b(l) = -l**3 - l**2 - 4*l + 4. Let w(j) = j**3 + j**2 + 3*j - 3. Let m(s) = -4*b(s) - 5*w(s). Let y be m(-2). What is the tens digit of 10 + y + 2 + -1?
1
Let o(b) = b**2 + 4*b + 4. Let w be ((-6)/4)/(9/(-12)). Let x be 13/(-5) - w/5. What is the units digit of o(x)?
1
Let m(p) = -p**3 + 9*p**2 + 5*p - 8. Suppose 2*k + 2*o - 5*o - 33 = 0, 4*k - 5*o - 61 = 0. What is the tens digit of m(k)?
3
Let d = 132 - 51. Suppose d = 2*w + 23. What is the units digit of w?
9
Let l(u) = 11*u**3 - 4*u**2 + 4*u - 3. Let t be l(2). Suppose 0 = 4*w - 59 - t. What is the units digit of w?
4
Let t(p) = p - p + p + 9 - 2*p. Let b be t(9). Let l = b - -5. What is the units digit of l?
5
Suppose -p = p - 12. What is the units digit of 15/(-1)*p/(-10)?
9
What is the units digit of (-1)/(-3) + (-32)/(-12)?
3
Let k = 28 + 19. What is the tens digit of k?
4
Let f(j) = j**3 + 4*j**2 + j - 3. What is the units digit of f(3)?
3
What is the units digit of (-9)/2 - -3 - 85/(-2)?
1
Let s(j) = j**3 - 4*j**2 - 3*j - 5. Let n be s(5). Suppose 0*b = b + 4*k + 20, -4*b + n = -k. Suppose -2*v + 4*v - 14 = b. What is the units digit of v?
7
Let v(d) = 24*d**2 + 5*d - 8. What is the hundreds digit of v(3)?
2
Let p(x) = 3. Let d(t) = t + 2. Let o(l) = 5*d(l) - 4*p(l). What is the tens digit of o(3)?
1
Suppose 4*j = -2*c - 14, -5*c = 4*j + 4 + 61. Let d = c - -27. What is the tens digit of d?
1
Let s(f) = 3*f**2 - 34*f - 31. What is the units digit of s(13)?
4
Suppose -95 = -5*x + 60. What is the units digit of x?
1
Let a = 15 + -9. Suppose -j - 2*j + a = 0. Suppose -5*p + 36 = c, 2*p = -j*c + 16 - 0. What is the units digit of p?
7
Let x be (1 - 3)*(-35)/(-2). What is the units digit of (x - -1)/(-1 + -1)?
7
What is the tens digit of (-5627)/(-153) + 2/9?
3
Suppose s = -2*s + 66. Suppose 0*t - s = -2*t. What is the units digit of t?
1
What is the tens digit of 283/3 + 28/(-84)?
9
Let a = -2 + 17. Let o = 19 + -15. Let d = a - o. What is the tens digit of d?
1
Let m(c) = c**3 - c**2 + 12. Let f be m(0). Let i = 17 - f. What is the units digit of i?
5
What is the units digit of 2682/45 - (-2)/5?
0
Suppose 28*s + 154 = 35*s. What is the units digit of s?
2
Let l(p) = -2*p + 6. Let g be l(6). Let z be g/((-7)/(63/(-6))). What is the units digit of (-1 - z) + (-1)/(-1)?
9
Suppose 0 = -3*x + 5 + 34. Let r = 14 + x. Suppose 4*d - r = -7. What is the units digit of d?
5
Let d be (-34)/(-4) - (-1)/2. Suppose 4*o - 3*o = 3. Suppose 4*h + d = 3*j + h, -5*h + 33 = o*j. What is the units digit of j?
6
Let z(j) = j**2 + 6*j. Suppose 4*h + m = -20, 5*h + 0*h - m = -34. Let b be z(h). What is the units digit of 11 + -2 - (2 - b)?
7
Let p(k) = 6*k**2 - 12*k + 3. What is the hundreds digit of p(6)?
1
Let m be (0 - 3 - -4)*1. Suppose 3*j = 14 + m. Suppose 5*t = j*c - 10, -3*c - 5*t = -2*c - 2. What is the units digit of c?
2
Suppose 0 = -2*n + a + 142, 2*n - 14 = -a + 120. What is the units digit of n?
9
Let o(v) = -8*v - 19. What is the units digit of o(-3)?
5
Suppose 6 = 3*p - 3. Suppose -p*w = -5 - 22. What is the units digit of w?
9
Let f(a) = -a**2 + 1. Let g(j) be the third derivative of -j**6/120 - 7*j**4/24 + 11*j**3/6 + 2*j**2. Let u(p) = 6*f(p) - g(p). What is the units digit of u(5)?
5
Let s(w) = -8*w**2 + 8 + 0*w**3 + 4*w**3 + 6*w - 3*w**3. Suppose -31 - 4 = -5*l. What is the units digit of s(l)?
1
Let g(t) = -t**3 - t**2 + 2*t + 64. What is the units digit of g(0)?
4
Let n(d) = -4 - d - d - 5*d - d**2. Let f be n(-5). Suppose -f*q + 80 = -q. What is the tens digit of q?
1
Suppose 5*g = 3*y + 4, -g + 6 = -y + 3*g. Suppose 6 = 4*i - y. What is the units digit of i?
2
Let f be 0/(-1)*3/6. Suppose f = 3*b - 2 - 1. What is the units digit of b?
1
Let f(r) = r**3 - 9*r**2 + 8*r + 1. Let t be f(8). Let z = 0 + t. What is the units digit of z?
1
Let u(m) = 1 - 11*m + 5 + m**3 + 0*m - 9*m**2. Let s be u(10). What is the tens digit of 10/(-15)*66/s?
1
Suppose -248 = -q - 3*q. Let g = 111 - q. Suppose 4*b = g + 3. What is the units digit of b?
3
Let y(i) = 14*i. Let l be (2 + 15/(-6))*-2. What is the units digit of y(l)?
4
Suppose 0 = 16*y - 15*y - 10. What is the units digit of y?
0
Suppose -g = 4*g - 20. Let i = 28 - 13. Suppose 6*r + i = r + 5*d, g = d. What is the units digit of r?
1
Suppose 4*v - 196 = 6*i - 2*i, -108 = -2*v + 4*i. What is the units digit of v?
4
Let n be (9/(-18))/(2/(-8)). Suppose -3*t - 47 = 3*a - 155, -33 = -a + n*t. What is the tens digit of a?
3
Suppose -2*p = -5*g + 35, -45 = -0*g - 4*g + 5*p. What is the tens digit of (-8)/g*(-30)/4?
1
Let t(y) = -8*y - 2. Let o(r) = 81*r + 21. Let b(j) = 4*o(j) + 42*t(j). Let p be b(-3). Suppose -3*d = d - p. What is the units digit of d?
9
What is the units digit of -12 + 8 + 228/2?
0
Let z(d) = 57*d + 33. What is the units digit of z(7)?
2
Let i = 33 + -18. Let u = -2 + i. What is the tens digit of u?
1
Suppose 4*g + 18 = g. Let c(k) = k**2 + 3*k - 5. What is the tens digit of c(g)?
1
Suppose 0 = y - 0*y - 5. Suppose -g + 4*f = 3, -y*f - 62 = 5*g - 22. Let p(x) = x**2 + 7*x + 5. What is the units digit of p(g)?
5
Suppose 0 = 5*l - l + 8. Let z(s) = 4*s + 3. Let b(u) = 9*u + 7. Let p(y) = -6*b(y) + 13*z(y). What is the units digit of p(l)?
1
Let f be (-6)/9 - (-24)/9. Suppose 0 = -3*j + f*j + 1. What is the tens digit of (j + -2 - 1)*-5?
1
Suppose -97 = -3*k + 2. What is the tens digit of k?
3
Let j(l) = -5*l - 1. Let k(i) = i + 4. Let c be k(-5). Let r be j(c). What is the tens digit of -1*-3*r + 0?
1
Let k(t) = -t**3 - t**2 + 2. Suppose -2*a + 8 + 2 = -2*b, -3*a + 14 = -2*b. Suppose 2*d + 5 = -a*n + d, -4*d = 4*n + 20. What is the units digit of k(n)?
2
Let l = 3 + -3. Suppose -5*z = 5, l*w - 35 = -3*w + 2*z. What is the